*q - 2*q. Suppose 0 = 7*u - 4*u - q. What is the remainder when d is divided by u?
4
Suppose 16*k = k + 60. Suppose k*a - 38 + 114 = 4*q, -q - 5*a + 1 = 0. What is the remainder when (-1 + (-1)/(-3))*-93 is divided by q?
14
Let j = -12 - -54. Suppose -j - 22 = -w. Calculate the remainder when w is divided by 17.
13
Let r(s) = -5*s. Let q be r(0). Suppose u - 9*j = -4*j + 14, -4*u + j + 56 = q. What is the remainder when u is divided by 8?
6
Let w(v) = -v**2 - 15*v + 5. Let c be w(-15). Suppose 105 = 3*y - y + 5*s, 5*y - c*s = 280. Calculate the remainder when y is divided by 28.
27
Suppose 2*s - 4*w = 5*s - 36, -w = -3. Let z(t) = 77*t**2 - t + 1. What is the remainder when z(1) is divided by 13/4*(s + 6 + -10)?
12
Let k = 38 - 7. Suppose 0 = -6*p - 97 + 823. What is the remainder when p is divided by k?
28
What is the remainder when 217 is divided by (-33)/((3/(-4))/1)?
41
Suppose h - 2*w - 47 = 0, 3*h - 132 - 29 = w. Suppose -183 = -2*z - h. Calculate the remainder when z is divided by 17.
13
Suppose 413 = u + 11. Calculate the remainder when u is divided by 58.
54
Suppose -2*z - 2*g - 2 = -4*g, z = 5*g - 9. Let w = z + 2. Suppose -2 + 3 = d. What is the remainder when w is divided by d?
0
Suppose -v - 2*u = -91, 2*u = -5*v + 5*u + 416. What is the remainder when v is divided by ((120/25)/(-3))/(6/(-165))?
41
Suppose -2*u - 12 = v - 3*v, -3*v = 0. Let j be ((-36)/8)/(u/32). Let x = 39 - j. What is the remainder when 29 is divided by x?
14
Let c = 397 - 364. What is the remainder when c is divided by 15?
3
Suppose -3*u + 2*x = -19 - 0, -5*u - 2*x + 53 = 0. Calculate the remainder when 97 is divided by u.
7
Calculate the remainder when 239 is divided by 1 + 3 + (-99)/(-9).
14
Let v = 229 + -223. Calculate the remainder when 7 is divided by v.
1
Let z be 80*(-1 - 1 - -1). Let f be (-64)/z*(-5)/(-2). Suppose f*w + m - 36 = 0, 3*w + 2*m = -m + 60. Calculate the remainder when 31 is divided by w.
15
Suppose -54 = -8*g + 178. What is the remainder when 112 is divided by g?
25
Let p(b) = 5*b + 1. Calculate the remainder when p(28) is divided by 33.
9
Let j = -7 + 8. Suppose 3*s - j = 14. Suppose s*p + 10 = 7*p. What is the remainder when 8 is divided by p?
3
Let k = 1756 - 39. Calculate the remainder when k is divided by 20.
17
What is the remainder when ((-21)/6)/(68/(-7208)) is divided by 17?
14
Let m(h) be the second derivative of h**5/20 - h**4/12 - 7*h**3/6 + 5*h**2/2 - 23*h. Calculate the remainder when m(5) is divided by 26.
18
What is the remainder when 109 is divided by 54/5*(-280)/(-42)?
37
Let l = 7 + -3. Suppose 3*x + 7*x = 10. What is the remainder when 13 is divided by l + 3/(-2 - x)?
1
Suppose 31 = 4*t - 3*w, -3*t + 4*w - 2 = -2*t. What is the remainder when 40 is divided by t?
0
Let q(v) = -4*v + 1. Let y(m) = m**3 - 8*m**2 - 7*m + 1. Calculate the remainder when y(9) is divided by q(-1).
4
Let d = -5 - -16. Suppose -i - 4 + 33 = -5*a, 3*a = -i - d. Suppose -170*r = -174*r + 36. What is the remainder when r is divided by i?
1
Suppose -29 = -2*w - 5. Let x(p) = -p**3 + 11*p**2 + 16*p - 30. What is the remainder when 87 is divided by x(w)?
15
Let m be (-1)/2 - 57/6. Let f be 1/2 + (-35)/m. Suppose -f*s + 97 = -111. Calculate the remainder when s is divided by 18.
16
Suppose -a = -2*f - 70, 3*a + 0*a + 4*f = 200. What is the remainder when a is divided by 26?
16
Let t = 59 - -29. Suppose -4*u + 0*u = -60. What is the remainder when t is divided by u?
13
Let h = -35 + 53. Suppose 4*p - 442 = -h. What is the remainder when p is divided by 27?
25
Suppose -7*s + 544 = -4*s - 5*k, 0 = -4*k - 20. What is the remainder when s is divided by 27?
11
Suppose -14 = -5*v + 31. What is the remainder when ((-2)/4)/(1/(-46)) is divided by v?
5
Let h(w) = -w**3 - 5*w**2 + 10*w - 3. Let x = -13 - -6. Calculate the remainder when h(x) is divided by 13.
12
Let u(l) = -l**2 + 7*l - 5 - 2*l**2 - 4*l**2 - 3 + l**3. Let h be u(6). Let p = h + 9. Calculate the remainder when 13 is divided by p.
6
Suppose 2*u - 3*i - 417 = 0, 4*u - 3*i + 399 = 6*u. Calculate the remainder when u is divided by 13.
9
Let d(n) = 4*n**3 + 3*n**2 - 2*n - 4. Let w be d(-2). Let h(k) = k**3 + 19*k**2 - 22*k - 2. Calculate the remainder when h(w) is divided by 13.
12
Let v = 33 + -30. Suppose 4*k + 1 = -j + 12, 4*k = v*j - 81. Let q = 29 - j. Calculate the remainder when 33 is divided by q.
3
Suppose 0 = -2*c - 2*r + 4 + 36, -5*c - 4*r = -104. Calculate the remainder when 238 is divided by c.
22
Let y = -316 + 324. Calculate the remainder when y is divided by 8.
0
Let l = 297 + -69. Suppose -l = 47*o - 50*o. Suppose 6*d = 3*m + d - 111, o = 2*m - 4*d. What is the remainder when m is divided by 12?
8
Suppose -5 = -5*v + 15. Let x be (7 - 1)/(-6)*-2. Suppose -40 = -v*m - 5*c, -m - x*c = -0*m - 13. Calculate the remainder when 14 is divided by m.
4
Let s be ((3 - 3) + 4)*(0 - -23). Let u = s + -67. What is the remainder when u is divided by 7?
4
Let y = 10 - 4. Suppose h - 14 = y. Calculate the remainder when 7 is divided by h/(-8)*(-12)/10.
1
Suppose 3*f = -5*t + 419, 2*t - 70 = -4*f + 92. What is the remainder when t is divided by (35/(-28))/(1/(-28))?
15
Let z = 29 + -17. Let j(f) be the third derivative of 5*f**4/24 - 7*f**3/6 + 3*f**2. What is the remainder when z is divided by j(3)?
4
What is the remainder when 313 is divided by 112 - ((-105)/(-5) - 11)?
7
Let b be 4/(-6) - (33/(-9) + 3). Suppose b*r + 3*z - 34 = -r, r - 2*z = 29. Calculate the remainder when r is divided by 12.
7
Suppose 5*m + 70 = 3*a, m - 1 + 6 = 0. What is the remainder when 1*(1 + 0) + (34 - 6) is divided by a?
14
Let z(r) = 8*r**2 + 16*r - 15. Calculate the remainder when 0 - -1 - -2*8 is divided by z(1).
8
Let p(y) = -y**2 + 13*y - 11. Let h be ((-2)/1)/(26/(-169)). Suppose -h = -m - 3. Calculate the remainder when p(8) is divided by m.
9
Let w = 394 + -359. What is the remainder when 663 is divided by w?
33
Let c(z) = -z**3 + 9*z**2 - 6*z - 1. Let j be (-9)/(90/16)*-5. Suppose -2*g - 140 = -7*g. Calculate the remainder when g is divided by c(j).
13
Suppose 28*c = 295 + 1133. Calculate the remainder when 147 is divided by c.
45
Let m be -2 - ((-216)/(-1))/2. Let l = m - -158. Let j = 9 - -16. What is the remainder when l is divided by j?
23
Let b = 483 - 387. Calculate the remainder when b is divided by 46.
4
Suppose -11*g + 31 = -277. What is the remainder when 59 is divided by g?
3
Suppose 4*m = q - 71, 5*q = -3*m + 72 + 168. Suppose 0*r + 20 = 4*r. What is the remainder when q is divided by 130/r + (2 - 1)?
24
Let d = 521 + -435. What is the remainder when 858 is divided by d?
84
Calculate the remainder when 40 is divided by 1/(-7 - 390/(-55)).
7
Let m(a) = 8*a - a - 2*a - 5. Calculate the remainder when 104 is divided by m(4).
14
Let f(r) = -8*r - 2. Let u be f(-2). Suppose -g - 2*o = -23, g - 8 - u = -3*o. What is the remainder when g is divided by 13?
12
Let r = 9 + -6. Suppose -5*p + r*j = 4*j - 108, -j + 42 = 2*p. Suppose -4*z = 3*w - 152, -5*w + 2*w = 12. What is the remainder when z is divided by p?
19
Suppose -6*s = s - 546. Let t = s + -64. What is the remainder when 124 is divided by t?
12
Let d be 352/36 + (-4)/(-18). Let t(f) = f + 9. Let y be t(-4). Suppose d = -5*p - y*m, 4*p + m - 22 = 3*m. What is the remainder when 7 is divided by p?
1
Let d(y) = 7 + 4*y**2 - 4*y**2 + 5*y**2 - 4*y + y. What is the remainder when d(5) is divided by 24?
21
Let k = 132 + -78. Calculate the remainder when k is divided by 18.
0
Let t = 39 + -35. Suppose -9 = 5*l + 6, 251 = t*m - 5*l. What is the remainder when m is divided by 16?
11
Suppose 3*r + 60 = -2*r. Let m be -4*3/r*-1. Calculate the remainder when 26 is divided by m/((-3)/15)*3.
11
Let d = 324 + -300. Calculate the remainder when 36 is divided by d.
12
Let u be 10/6 + 2/(-3). Suppose -r = -u - 25. Calculate the remainder when (-362)/(-5) - r/65 is divided by 15.
12
Suppose -34 = -2*b + 2*p, -84 + 16 = -4*b + 2*p. Let j(m) = m**2 - 8*m - 228. What is the remainder when j(-13) is divided by b?
11
Let j(n) = 2*n**2 + n - 4. Let q(f) = -f - 5. Let i be q(-8). Suppose -5*t + 31 = 3*h, -t = -5*h + 9 - 4. What is the remainder when j(i) is divided by t?
2
Let a(l) = -21*l. Let j = -5 + 5. Suppose -5*i = -j*i - 40. What is the remainder when a(-1) is divide